es 4881 divide 451692621?
True
Is 209542380 a multiple of 107?
True
Is 168494138 a multiple of 123?
False
Does 36 divide 531690406?
False
Does 2240 divide 4762182829?
False
Is 13 a factor of 640981011?
False
Does 393 divide 58243386?
True
Does 40 divide 21525520?
True
Does 6 divide 78174708?
True
Is 111790341 a multiple of 351?
True
Does 27 divide 32001828?
False
Does 1838 divide 181656892?
True
Does 248 divide 66403243?
False
Is 348830984 a multiple of 5443?
True
Is 14863419 a multiple of 27?
True
Is 11 a factor of 470691408?
True
Is 127615650 a multiple of 1191?
True
Is 5118608 even?
True
Is 126599091 a multiple of 29?
False
Is 8780898 a multiple of 294?
True
Does 3061 divide 633978642?
False
Does 13 divide 153530195?
True
Does 7 divide 117325887?
True
Is 97 a factor of 469789430?
True
Is 4060 a factor of 237522180?
True
Does 4 divide 752303772?
True
Does 1535 divide 320603170?
True
Is 105617775 a multiple of 2325?
True
Is 45319365 a multiple of 595?
True
Is 371 a factor of 127550542?
True
Is 223653940 a multiple of 1444?
True
Is 132 a factor of 8126580?
True
Is 1323705434 a multiple of 4?
False
Is 6 a factor of 574561998?
True
Does 1382 divide 312949754?
True
Does 84 divide 3134003040?
True
Is 66643560 a multiple of 216?
True
Does 423 divide 19839389?
False
Is 66 a factor of 78913107?
False
Is 1045 a factor of 40875175?
True
Is 203170785 a multiple of 23?
False
Does 5 divide 13064939?
False
Does 2032 divide 384253232?
True
Is 73 a factor of 51739480?
True
Is 46 a factor of 8535852?
True
Is 899 a factor of 152962844?
False
Is 1495 a factor of 119274819?
False
Is 8052549 a multiple of 513?
False
Is 129 a factor of 9715505?
False
Is 244597609 a multiple of 22?
False
Is 309794 a multiple of 19?
False
Is 320 a factor of 146631354?
False
Is 206360691 a multiple of 893?
True
Is 19 a factor of 19304950?
True
Is 1129128 a multiple of 728?
True
Is 21667773 a multiple of 11?
False
Is 518 a factor of 37264284?
False
Does 30 divide 90797809?
False
Does 109 divide 58701187?
True
Is 490084000 a multiple of 250?
True
Is 754205100 a multiple of 36?
False
Is 300 a factor of 5200458887?
False
Is 33 a factor of 9211799?
False
Is 774310053 a multiple of 25?
False
Is 76244316 a multiple of 212?
True
Is 18639459 a multiple of 132?
False
Does 177 divide 175601716?
False
Is 42 a factor of 1456216842?
False
Does 25 divide 599106125?
True
Is 653836921 a multiple of 31?
False
Is 18633306 a multiple of 1455?
False
Is 7642047 a multiple of 7?
True
Is 652153816 a multiple of 37?
False
Is 24 a factor of 305823552?
True
Is 673536700 a multiple of 38?
True
Is 1461481725 a multiple of 3432?
False
Is 41589937 a multiple of 10?
False
Is 162792676 a multiple of 1221?
False
Is 756 a factor of 21622356?
True
Is 150435054 a multiple of 381?
False
Is 61001380 a multiple of 220?
True
Is 92100405 a multiple of 172?
False
Does 30 divide 113240730?
True
Does 738 divide 84357139?
False
Is 2267 a factor of 2508742?
False
Is 134855469 a multiple of 579?
True
Is 110 a factor of 44701470?
True
Does 6 divide 18878796?
True
Is 406899962 a multiple of 7?
True
Does 48 divide 12124786?
False
Is 9323352 a multiple of 4?
True
Is 1496773 a multiple of 1543?
False
Does 23 divide 80455265?
True
Does 48 divide 1280073412?
False
Does 652 divide 21171179?
False
Is 749470446 a multiple of 961?
True
Is 43 a factor of 700940205?
True
Does 2498 divide 837891851?
False
Does 204 divide 73072128?
False
Does 10 divide 1776873?
False
Is 639 a factor of 4010364?
True
Does 10322 divide 14655999?
False
Is 376284670 a multiple of 38?
False
Is 198337802 a multiple of 2019?
False
Is 9705063 a multiple of 8?
False
Is 574 a factor of 47389440?
True
Is 176881293 a multiple of 27?
True
Does 5 divide 922566710?
True
Does 831 divide 436088772?
False
Is 87 a factor of 325018838?
False
Does 389 divide 48846062?
False
Is 3549 a factor of 1119936636?
True
Is 232 a factor of 445495680?
True
Does 221 divide 40434160?
True
Is 10268450 a multiple of 205?
True
Is 54216025 a multiple of 15?
False
Is 123295070 a multiple of 509?
True
Does 259 divide 1996851210?
False
Is 1790 a factor of 601026118?
False
Does 12 divide 93620972?
False
Is 10 a factor of 2067368591?
False
Does 52 divide 2461753840?
True
Does 2608 divide 167097168?
True
Is 112424009 a multiple of 58?
False
Is 297689164 a multiple of 191?
False
Is 1037338306 a multiple of 122?
True
Is 1562 a factor of 24366560?
False
Is 75 a factor of 100054800?
True
Does 51 divide 109886645?
False
Does 31 divide 61688171?
True
Does 54 divide 25265952?
True
Does 2 divide 18427279?
False
Is 345044925 a multiple of 88?
False
Is 1775767812 a multiple of 556?
True
Is 3 a factor of 959006?
False
Is 48877224 a multiple of 902?
False
Is 554976560 a multiple of 68?
True
Does 4344 divide 781663704?
True
Does 2 divide 3905114?
True
Is 345260658 a multiple of 4?
False
Is 648908169 a multiple of 6692?
False
Is 12 a factor of 1023652284?
True
Is 62 a factor of 1253968284?
False
Is 45795344 a multiple of 514?
True
Is 5818258738 a multiple of 19080?
False
Is 20 a factor of 6362563?
False
Is 195 a factor of 550146655?
False
Does 454 divide 17992691?
False
Is 342 a factor of 41220918?
True
Is 585 a factor of 35440995?
False
Does 4 divide 1330700?
True
Does 41 divide 18287271?
True
Is 492156 a multiple of 378?
True
Is 1505 a factor of 180043036?
False
Is 34 a factor of 123464021?
False
Is 31835118 a multiple of 28?
False
Is 64 a factor of 135977249?
False
Is 11 a factor of 188728056?
True
Does 1845 divide 28492704?
False
Is 267820856 a multiple of 164?
True
Is 39586566 a multiple of 1798?
True
Is 515905026 a multiple of 1041?
True
Is 11 a factor of 48330150?
True
Does 73 divide 152663444?
False
Is 14543711 a multiple of 3?
False
Is 66 a factor of 536976?
True
Is 60521458 a multiple of 356?
False
Is 481920894 a multiple of 129?
False
Is 440782827 a multiple of 1149?
True
Is 115867548 a multiple of 342?
True
Is 241351245 a multiple of 3?
True
Does 178 divide 1574959844?
False
Is 5022 a factor of 1628541903?
False
Is 22875877 a multiple of 304?
False
Does 41 divide 96757581?
True
Does 1876 divide 180596892?
True
Is 15281052 a multiple of 56?
False
Does 2 divide 681292?
True
Does 11 divide 143731357?
True
Is 57861954 a multiple of 114?
True
Does 420 divide 7029837?
False
Does 1187 divide 224417781?
True
Is 97440930 a multiple of 38?
True
Is 5 a factor of 12489170?
True
Is 2794 a factor of 4602394148?
True
Is 45 a factor of 3921300?
True
Is 9 a factor of 1981692311?
False
Does 769 divide 37627027?
False
Is 3539327 a multiple of 159?
False
Is 12 a factor of 1334898684?
True
Does 257 divide 128563372?
False
Is 935179805 a multiple of 1360?
False
Is 734082004 a multiple of 2476?
True
Does 2016 divide 1012239648?
True
Is 286144227 a multiple of 6?
False
Does 9 divide 906722424?
True
Is 6342 a factor of 83413896?
False
Does 173 divide 2787413368?
True
Does 34 divide 508707277?
False
Is 13 a factor of 125963292?
True
Is 239 a factor of 228604802?
False
Is 187 a factor of 459791?
False
Is 2000366016 a multiple of 48?
True
Does 2 divide 64939025?
False
Is 42 a factor of 6138300?
True
Does 5 divide 5488510?
True
Is 21 a factor of 161638237?
False
Is 747 a factor of 5042406?
False
Does 1311 divide 419202738?
True
Is 41991900 a multiple of 156?
False
Is 3 a factor of 26694858?
True
Is 2457 a factor of 1360439482?
False
Is 3651569350 a multiple of 7780?
False
Is 458 a factor of 37399822?
True
Is 687639033 a multiple of 32?
False
Does 90 divide 120424680?
True
Is 369 a factor of 156595113?
True
Does 5027 divide 1414727970?
False
Does 159 divide 4593481?
False
Does 754 divide 45912468?
False
Is 6 a factor of 1062684120?
True
Does 123 divide 4434697?
False
Is 15036780 a multiple of 6?
True
Is 5 a factor of 15691300?
True
Is 1588892109 a multiple of 246?
False
Does 9 divide 308224917?
True
Does 13 divide 12516083?
False
Is 80 a factor of 28998999?
False
Does 247 divide 2092696578?
False
Is 130 a factor of 94485950?
True
Is 71290096 a multiple of 402?
False
Is 92748507 a multiple of 2?
False
Is 55698411 a multiple of 811?
False
Does 661 divide 104504100?
True
Does 40 divide 1536996240?
True
Is 207 a factor of 17716798?
False
Does 75 divide 41785200?
True
Is 630 a factor of 40580662?
False
Is 1162496220 a multiple of 44?
Fal